0122212?
-3130002
In base 9, what is 4703265 + -23?
4703242
In base 3, what is 1100 - -101002011020?
101002012120
In base 4, what is 13 + -122301?
-122222
In base 10, what is -2317 + 21083?
18766
In base 13, what is 527149 - 1a?
52712c
In base 12, what is -975b93 - 0?
-975b93
In base 15, what is -2cd + dd965?
dd687
In base 12, what is -758 + -15648?
-161a4
In base 6, what is 3 + 2333024150?
2333024153
In base 9, what is -40511110 - -4?
-40511105
In base 10, what is 15684987 - 3?
15684984
In base 14, what is -144973 - 6?
-144979
In base 8, what is 16 - 2230241?
-2230223
In base 3, what is -122122 + -1212100110?
-1220000002
In base 6, what is 2340014003 + -3?
2340014000
In base 3, what is -12102212201 - 10112?
-12110000020
In base 9, what is -85545 - -356?
-85178
In base 2, what is -1100001 - 101111001110011001?
-101111001111111010
In base 6, what is 2255 + -1151505?
-1145210
In base 16, what is 27d0 + -ad5?
1cfb
In base 6, what is -43415 - 20?
-43435
In base 16, what is 75 + -68d9d?
-68d28
In base 2, what is 100101001110001 + 10001011000?
100111011001001
In base 3, what is 1 - 1100220211102000?
-1100220211101222
In base 4, what is 130 + 12321131322?
12321132112
In base 6, what is 235035110 + 0?
235035110
In base 12, what is -167a - 337?
-19b5
In base 5, what is -3 + -42140401003?
-42140401011
In base 4, what is -331022102 + -231?
-331022333
In base 2, what is -10101111100110000110 + 100000101?
-10101111100010000001
In base 6, what is -12 - -1252443415?
1252443403
In base 4, what is 0 - 103111133112?
-103111133112
In base 3, what is 1000 - 20210120120?
-20210112120
In base 15, what is 93d832 - d?
93d824
In base 7, what is -142103 + -2200?
-144303
In base 6, what is -1322430 + -1013?
-1323443
In base 16, what is 2a4e - 9bf?
208f
In base 15, what is 22c8e + -82c?
22462
In base 7, what is 112640 - 4523?
105114
In base 14, what is -111499a - -2?
-1114998
In base 13, what is 99b8a02 - 4?
99b89cb
In base 10, what is -11304 - -591?
-10713
In base 10, what is -9 + -3496763?
-3496772
In base 2, what is -1101110000001 + 100011101000?
-1001010011001
In base 16, what is -197 - 6c90?
-6e27
In base 5, what is 23320 + -314140?
-240320
In base 16, what is 31 - -e56595?
e565c6
In base 13, what is 4a + -3c855?
-3c808
In base 7, what is -216021533 - 26?
-216021562
In base 4, what is 0 - -222022121100?
222022121100
In base 9, what is 3 + -40736578?
-40736575
In base 8, what is -2 - -3320733?
3320731
In base 15, what is 54041e3 - 5?
54041dd
In base 8, what is -2 - -5725306?
5725304
In base 14, what is -a7b917 - -4?
-a7b913
In base 11, what is 296195 - -7?
2961a1
In base 4, what is -1102201033222 - -3?
-1102201033213
In base 9, what is 1648 + -12515?
-10756
In base 10, what is -498824 + 188?
-498636
In base 8, what is 437226117 + 4?
437226123
In base 12, what is -27b + 6b234b?
6b2090
In base 14, what is -40c5a + 593?
-406a7
In base 6, what is -4 - 11500053031?
-11500053035
In base 12, what is -2662977 - -1?
-2662976
In base 10, what is -80589 - 1824?
-82413
In base 5, what is -3231414 - -3202?
-3223212
In base 10, what is -488896 - -25?
-488871
In base 9, what is -53 - -13140073?
13140020
In base 10, what is -85214 - 50?
-85264
In base 6, what is -51 + -1043540541?
-1043541032
In base 4, what is 11 - 2331123012221?
-2331123012210
In base 7, what is 6 - 122224440?
-122224431
In base 14, what is 7ba93 + 50?
7bb03
In base 15, what is d1452e9 + -3?
d1452e6
In base 7, what is -142013266 + 10?
-142013256
In base 2, what is 110011111100 - -10000110011?
1000100101111
In base 16, what is -1a - -826e?
8254
In base 2, what is -1 + -1000111101101100010010?
-1000111101101100010011
In base 9, what is -11680015 + 1?
-11680014
In base 10, what is 18 - 13249694?
-13249676
In base 8, what is 175 - 10512?
-10315
In base 13, what is 4a8abb0 - 0?
4a8abb0
In base 7, what is -2 + 235612635?
235612633
In base 13, what is -1a49 + 207a?
331
In base 10, what is 6813494 - -4?
6813498
In base 8, what is -7434410 + 65?
-7434323
In base 8, what is 43500033 - 5?
43500026
In base 4, what is 23212130012 - -13211?
23212203223
In base 6, what is 3 - 412243320?
-412243313
In base 9, what is -44841 + -21265?
-66216
In base 13, what is -603737 + 5?
-603732
In base 15, what is 278da1 - -13?
278db4
In base 10, what is 6425 + -18840?
-12415
In base 14, what is 40 + -dc8d?
-dc4d
In base 2, what is 0 - 11100000000111011011?
-11100000000111011011
In base 9, what is -6 - -83631?
83624
In base 7, what is -3505042 - -544?
-3504165
In base 12, what is 143a - a7b47?
-a6709
In base 7, what is -1536224 - -543?
-1535351
In base 6, what is 1121 + -4330413?
-4325252
In base 4, what is 1 + 112223202012?
112223202013
In base 13, what is 175 - 1469c?
-14527
In base 11, what is -a644 - 36?
-a67a
In base 4, what is -12323 + -30100302121?
-30100321110
In base 15, what is -83d88 + -11?
-83d99
In base 3, what is -11 + 10210111210110?
10210111210022
In base 10, what is 10033 - 750?
9283
In base 6, what is 2112254303 + -2?
2112254301
In base 11, what is 22a79848 - 3?
22a79845
In base 13, what is -b9c08 + -16?
-b9c21
In base 8, what is -5025 + -20522?
-25547
In base 14, what is -2 + 18ac9c?
18ac9a
In base 8, what is 1571714600 - 5?
1571714573
In base 10, what is 79805280 + 3?
79805283
In base 13, what is 3a + 9ba952?
9ba98c
In base 6, what is 251 + -202001403?
-202001112
In base 3, what is 22102002 + 101122210?
201001212
In base 14, what is -36 - -2d52?
2d1a
In base 6, what is -5352420 - 1525?
-5354345
In base 13, what is -1131c + 38cb?
-a721
In base 5, what is -21331 - -114240?
42404
In base 14, what is 1592667 + 3?
159266a
In base 8, what is 1005 - -176556?
177563
In base 15, what is -19 - -1119e?
11185
In base 16, what is -a67 - -46e8?
3c81
In base 4, what is 222 - 13031303210?
-13031302322
In base 10, what is 149076 - 117?
148959
In base 13, what is 32894 - 252?
32642
In base 16, what is -2f18938 + 5?
-2f18933
In base 3, what is 1120021202010000 - 11?
1120021202002212
In base 11, what is -57059 + -22a4?
-59352
In base 3, what is -2212011222100101 - 2?
-2212011222100110
In base 2, what is -100 + -11101101001011001100110?
-11101101001011001101010
In base 7, what is -3446326 - 310?
-3446636
In base 4, what is -11 + -133122233012?
-133122233023
In base 16, what is -7a4ce4b + -1?
-7a4ce4c
In base 7, what is 4 - -623553155?
623553162
In base 13, what is -961 + -837a8?
-84439
In base 7, what is 24555146212 - 0?
24555146212
In base 11, what is -2137 + -106a?
-31a6
In base 7, what is 12423445420 + 0?
12423445420
In base 12, what is 2480 + -10771?
-a2b1
In base 11, what is 298 + 570480?
570768
In base 8, what is -40451757 - -12?
-40451745
In base 5, what is -33434124412 - -10?
-33434124402
In base 10, what is 96 - 350269?
-350173
In base 15, what is 5d7d2d + 13?
5d7d41
In base 5, what is -24 + -23411031102?
-23411031131
In base 3, what is 21111101 - 2010002?
12101022
In base 11, what is -291a - 11a108?
-121a27
In base 7, what is -3433321 + 51?
-3433240
In base 2, what is 1 + 110001101000110100011100?
110001101000110100011101
In base 8, what is 41151 + 6360?
47531
In base 4, what is 0 + -132321122020?
-132321122020
In base 4, what is 1022222 + 12301?
1101123
In base 8, what is 14634 - 3743?
10671
In base 6, what is -122114 + -1501?
-124015
In base 7, what is -324450320 - 2?
-324450322
In base 2, what is -110011 + -1010011111000110?
-1010011111111001
In base 12, what is -222 + -13408b?
-1342b1
In base 4, what is -2 + -101332213121?
-101332213123
In base 2, what is 1000110000111110010010111 + 10?
1000110000111110010011001
In base 11, what is 1 + 340aa185?
340aa186
In base 15, what is -3a3 - a754?
-ab07
In base 3, what is -10120110 + -11121101111?
-11201221221
In base 9, what is 2106884 - 0?
2106884
In base 6, what is -4131151003 - 1?
-4131151004
In base 2, what is 110010011 + -1100101101010110010?
-1100101100100011111
In base 4, what is -203202313 + -111?
-203203030
In base 9, what is 1863 - -481250?
483223
In base 4, what is 12221301 + 1103210?
13331111
In base 10, what is -910 + 57950?
57040
In base 13, what is -7b78 + 3199?
-49ac
In base 12, what is -26 - 307b45?
-307b6b
In base 14, what is -7 - -148c582?
148c579
In base 11, what is -a2098 - -4?
-a2094
In base 16, what is -e0cac0 + 2?
-e0cabe
In base 15, what is -b9e + 6ad?
-4e1
In 